**2 - 2*w. Calculate z(1).
-3
Let u(i) = -3*i**3 + 6*i**2 + 5*i - 2. Calculate u(5).
-202
Let b(z) = 16*z - 605. Determine b(38).
3
Let n(c) = -c**3 - 2*c**2 + 11*c + 9. Determine n(-4).
-3
Let a(z) = -2*z**2 + 7*z - 3. Give a(2).
3
Let f(s) = 3*s**2 - 20*s + 26. Give f(6).
14
Let b(a) = 2*a**3 - 2*a**2 - 3*a + 20. Determine b(0).
20
Let w(s) = -s - 9. Determine w(8).
-17
Let m(i) = -i**2 + 5*i - 7. Calculate m(-7).
-91
Let c(o) = -2*o**3 + 4*o**2 - 6*o + 3. Determine c(2).
-9
Let c(f) = -2*f - 12. Give c(-7).
2
Let d(b) = -2*b - 48. Give d(-4).
-40
Let g(v) = -4*v - 2. Calculate g(7).
-30
Let i(r) = 2*r**2 - 11*r - 6. Calculate i(-3).
45
Let i(n) = n - 23. What is i(0)?
-23
Let p(b) = -20*b - 7. Calculate p(3).
-67
Let z(y) = -2*y**2 + 17*y - 6. Calculate z(8).
2
Let h(v) = v**3 - 5*v**2 - 16*v + 16. Give h(7).
2
Let f(o) = -o + 13. Determine f(-4).
17
Let v(h) = -h**2 - 25*h + 33. Give v(-26).
7
Let t(i) = i**2 + 8*i + 12. Determine t(-2).
0
Let x(w) = 7*w + 9. What is x(-5)?
-26
Let q(g) = -7*g**2 + 30*g + 11. Determine q(5).
-14
Let a(n) = -n**2 + 9*n + 2. What is a(8)?
10
Let i(y) = y + 17. Determine i(-13).
4
Let q(x) = 2*x**3 + 5*x**2 - 14*x - 4. Determine q(-4).
4
Let k(l) = -19*l + 93. What is k(7)?
-40
Let m(g) = -4*g**3 + 4*g. What is m(-2)?
24
Let i(c) = -2*c**3 - 2*c**2 + 3*c + 4. Calculate i(-2).
6
Let z(q) = -11*q**2 - q. Give z(-1).
-10
Let v(l) = -3*l + 2. Calculate v(3).
-7
Let k(h) = h**2 + 27*h + 71. What is k(-3)?
-1
Let u(z) = -z**2 + 11*z - 29. Give u(14).
-71
Let i(h) = -h**3 + 8*h**2 + 10*h + 1. What is i(9)?
10
Let r(s) = -5*s**2 - 5*s - 2. Give r(-2).
-12
Let c(x) = 27*x - 11. Determine c(2).
43
Let r(b) = 2*b**3 + 7*b**2 - 8*b - 3. Give r(-6).
-135
Let j(d) = -d**2 - 33*d - 260. Give j(-13).
0
Let d(v) = -108*v + 115. Calculate d(1).
7
Let t(a) = a**2 - 11*a - 7. What is t(12)?
5
Let l(r) = -r**2 + 10*r - 1. What is l(9)?
8
Let k(z) = 7*z + 21. Determine k(-6).
-21
Let g(t) = t + 4. Calculate g(-5).
-1
Let o(n) = -n**2 + 28*n - 77. Determine o(25).
-2
Let o(d) = -d**2 - 2*d - 2. Calculate o(0).
-2
Let p(q) = -2*q + 3. Calculate p(4).
-5
Let o(b) = 18*b - 75. Determine o(4).
-3
Let r(j) = -j**3 - 40*j**2 + 128*j - 39. Determine r(-43).
4
Let j(t) = t**3 + 18*t**2 - 17*t + 43. Give j(-19).
5
Let p(t) = t**2 - 7*t + 16. Give p(5).
6
Let k(l) = l**3 + 3*l**2 + 2*l + 3. Determine k(-3).
-3
Let q(h) = h**3 + 17*h**2 + 2*h + 18. What is q(-17)?
-16
Let h(j) = -j**2 - 14*j - 12. Calculate h(-13).
1
Let v(u) = u**2 - 6*u - 10. What is v(7)?
-3
Let g(y) = y - 27. Calculate g(0).
-27
Let w(n) = 4*n - 18. Determine w(6).
6
Let d(a) = -a**2 + 40*a - 381. What is d(16)?
3
Let a(d) = 3*d**2 + 44*d - 13. Calculate a(-15).
2
Let r(w) = w**2 + 4*w - 16. Determine r(4).
16
Let h(p) = p**2 + 5*p - 1. Give h(-6).
5
Let z(b) = -b - 5. Give z(0).
-5
Let g(i) = 2*i - 43. Determine g(10).
-23
Let c(i) = i**2 - i - 34. Calculate c(0).
-34
Let q(h) = 8*h - 16. Give q(7).
40
Let d(s) = -2*s**3 - 12*s**2 + 5. Give d(-6).
5
Let m(l) = -l**2 + 9*l + 12. Calculate m(11).
-10
Let p(h) = -h**2 + 2*h. Calculate p(2).
0
Let v(r) = -3*r - 11. Determine v(-6).
7
Let m(n) = n**2 + 5*n - 1. What is m(-4)?
-5
Let h(b) = b**3 + 7*b**2 - 62*b - 412. What is h(-6)?
-4
Let m(b) = -2*b**3 - b**2 + 2*b - 3. What is m(-2)?
5
Let b(n) = 35*n - 19. Calculate b(1).
16
Let x(s) = -s**2 - 1. Calculate x(-5).
-26
Let x(m) = 10*m - 1. Calculate x(3).
29
Let j(l) = -3*l + 38. Give j(15).
-7
Let x(i) = -12*i - 5. What is x(2)?
-29
Let m(f) = -42*f**2 - 6*f + 7. What is m(1)?
-41
Let n(b) = -23*b + 160. Determine n(7).
-1
Let o(q) = q + 5. Calculate o(-5).
0
Let y(c) = 2*c**2 - 20*c + 2. What is y(8)?
-30
Let v(s) = 15*s - 2. What is v(3)?
43
Let o(d) = 3*d**2 - 39*d + 2. What is o(13)?
2
Let u(m) = -14*m + 68. Calculate u(4).
12
Let h(p) = -18*p - 9. What is h(-5)?
81
Let f(h) = h**3 + 8*h**2 + 5*h - 9. Determine f(-7).
5
Let x(v) = -12*v - 2. Determine x(1).
-14
Let y(c) = c**3 + 6*c**2 - 8*c - 10. Calculate y(-7).
-3
Let r(n) = -3*n**3 - 16*n**2 - 4*n + 4. Determine r(-5).
-1
Let j(w) = w**2 + 12*w - 19. Determine j(-13).
-6
Let o(t) = 36*t + 4. What is o(-3)?
-104
Let u(s) = -8*s - 4. What is u(-3)?
20
Let c(g) = -g**3 - 33*g**2 - 30*g + 56. Give c(-32).
-8
Let f(m) = -5*m + 8. Determine f(7).
-27
Let i(o) = o + 4. What is i(-6)?
-2
Let p(c) = c**2 - 10*c - 4. Calculate p(5).
-29
Let n(h) = -14*h**2 - 3*h. Calculate n(-2).
-50
Let h(n) = 4*n - 8. What is h(3)?
4
Let v(l) = l**3 + 13*l**2 + 29*l - 12. Give v(-10).
-2
Let o(w) = 3*w**2 - 28*w + 13. Calculate o(9).
4
Let r(g) = -2*g - 17. Determine r(-12).
7
Let g(j) = j. Determine g(0).
0
Let q(u) = -9*u**2 - 2*u + 2. Determine q(2).
-38
Let f(v) = -v + 41. Determine f(27).
14
Let b(o) = 5*o - 86. Calculate b(21).
19
Let c(d) = -d**2 + 9*d + 4. Determine c(10).
-6
Let j(d) = -d**3 + 7*d**2 - 7*d + 2. What is j(6)?
-4
Let a(v) = -23*v**2 - v. Give a(1).
-24
Let q(v) = 8*v + 115. Determine q(-17).
-21
Let r(n) = 7*n**2 - 23*n - 24. What is r(-1)?
6
Let s(l) = -3*l**2 + 12*l + 4. Give s(6).
-32
Let k(q) = -q**2 + 5*q + 162. Determine k(-10).
12
Let m(i) = 3*i**3 - 24*i**2 - 17. What is m(8)?
-17
Let i(r) = -r**3 + 7*r**2 + 21*r - 28. Determine i(9).
-1
Let b(k) = -4*k - 16. Determine b(-8).
16
Let o(l) = -2*l**2 - 2*l + 7. Calculate o(4).
-33
Let q(n) = n**2 + 21*n + 49. Determine q(-4).
-19
Let w(l) = -2*l**2 - 5*l + 12. What is w(2)?
-6
Let c(z) = 75*z - 366. Determine c(5).
9
Let p(c) = -8*c - 72. Give p(-9).
0
Let a(b) = b**2 + 21*b - 55. Give a(-23).
-9
Let v(g) = -2*g - 17. Give v(-13).
9
Let w(y) = -2*y**3 - y**2 + y + 1. Give w(-1).
1
Let d(j) = -2*j**2 - 5*j - 9. Give d(-6).
-51
Let n(j) = -16*j - 39. Give n(-7).
73
Let h(o) = -o**2 + 5*o + 22. Give h(-3).
-2
Let o(q) = 4*q - 16. Give o(4).
0
Let v(i) = i**3 + 44*i**2 - 47*i - 82. Calculate v(-45).
8
Let i(p) = -2*p**2 + 14*p + 25. Determine i(11).
-63
Let z(v) = 13*v - 205. Determine z(20).
55
Let u(s) = 26*s - 3. What is u(5)?
127
Let x(z) = 28*z + 4. Determine x(-1).
-24
Let s(h) = 2*h - 5. What is s(6)?
7
Let a(s) = s**2 - 1. What is a(4)?
15
Let n(q) = -q**3 + 11*q**2 - 5*q + 21. Calculate n(11).
-34
Let a(s) = 3*s**2 + 5*s - 6. Determine a(-4).
22
Let h(p) = -7*p**2 - 2*p + 9. Give h(4).
-111
Let m(b) = b**3 - 52*b**2 + 2*b - 85. Calculate m(52).
19
Let a(w) = -3*w**2 + 55*w - 12. Give a(18).
6
Let u(w) = 3*w**3 - 2*w + 1. Give u(1).
2
Let o(n) = -18*n**3 - 2*n**2 + 1. Calculate o(-1).
17
Let y(s) = 24*s - 5. Calculate y(3).
67
Let l(r) = r**2 + 3*r - 12. What is l(-7)?
16
Let c(k) = 2*k**2 - 11*k - 43. Give c(-5).
62
Let r(p) = -13*p - 70. Give r(-5).
-5
Let p(w) = -3*w - 29. Give p(-14).
13
Let w(s) = -s**2 + s + 15. What is w(8)?
-41
Let n(m) = -3*m**2 - 40*m + 1. Determine n(-14).
-27
Let s(f) = 5*f**2 + 5*f + 2. What is s(-3)?
32
Let z(o) = -2*o**2 - 10*o - 2. Give z(-4).
6
Let m(q) = -2*q**2 - 15*q - 27. What is m(-8)?
-35
Let j(r) = 10*r + 213. Give j(-20).
13
Let q(g) = -g**3 - 12*g**2 - 12*g - 10. Determine q(-11).
1
Let u(g) = -14*g - 154. What is u(-13)?
28
Let b(w) = w**3 + 2*w**2 - 8*w - 4. Calculate b(0).
-4
Let a(w) = -w**2 - 18*w - 37. What is a(-19)?
-56
Let d(h) = -4*h - 114. What is d(-25)?
-14
Let p(h) = 2*h**2 - 14*h - 43. Give p(9).
-7
Let m(f) = -42*f**2 - 4*f + 2. Calculate m(1).
-44
Let d(y) = -y**3 - y**2 + 9. Determine d(2).
-3
Let r(d) = -2*d + 2. What is r(5)?
-8
Let q(g) = g + 5. Determine q(-20).
-15
Let u(i) = -i**3 - 4*i**2 + 5*i - 7. Calculate u(-5).
-7
Let h(l) = -7*l - 12. Calculate h(-8).
44
Let v(u) = u**3 - 2*u**2 - 2*u - 6. What is v(3)?
-3
Let h(s) = 5*s - 7. Calculate h(-4).
-27
Let u(p) = -p**3 + 5*p**2 - 6*p + 10. Give u(5).
-20
Let w(o) = -o**2 + 11*o - 5. Calculate w(12).
-17
Let m(t) = -10*t + 93. Calculate m(9).
3
Let r(b) = -2*b**2 - 6*b + 4. Determine r(-4).
-4
Let p(y) = -21*y + 1. Determine p(-1).
22
Let d(s) = 16*s**3 + 2*s**2 - 3*s + 2. Determine d(1).
17
Let u(j) = 2*j**3 - 23*j**2 - 8*j - 33. What is u(12)?
15
Let q(f) = f - 7. What is q(2)?
-5
Let h(f) = -f**2 + 4*f + 53. Calculate h(9).
8
Let z(v) = 4*v - 7. Give z(10).
33
Let f(a) = -2*a - 3. What is f(-6)?
9
Let n(w) = -2*w + 5. What is n(5)?
-5
Let a(v) = -2*v**2 - 9*v + 12. What is a(-6)?
-6
Let c(g) = -g**2 + 5. Determine c(-4).
-11
Let p(z) 